te the greatest common divisor of 3731 and 91.
91
What is the greatest common factor of 481 and 26?
13
What is the highest common factor of 258 and 12?
6
Calculate the highest common divisor of 42 and 2758.
14
What is the highest common factor of 18 and 423?
9
What is the highest common divisor of 77 and 133?
7
Calculate the greatest common factor of 6715 and 10.
5
Calculate the greatest common factor of 195 and 39.
39
Calculate the highest common divisor of 130 and 1070.
10
Calculate the greatest common divisor of 39 and 767.
13
Calculate the greatest common factor of 28 and 52.
4
Calculate the greatest common divisor of 195 and 5.
5
Calculate the greatest common factor of 91 and 1589.
7
Calculate the greatest common factor of 850 and 34.
34
Calculate the highest common divisor of 578 and 2.
2
Calculate the highest common factor of 344 and 258.
86
Calculate the highest common divisor of 85 and 5.
5
What is the highest common divisor of 3150 and 950?
50
Calculate the highest common divisor of 90 and 144.
18
What is the greatest common divisor of 3489 and 3?
3
What is the highest common divisor of 84 and 72?
12
What is the highest common divisor of 17020 and 20?
20
What is the highest common factor of 60 and 200?
20
What is the highest common divisor of 710 and 1562?
142
Calculate the greatest common factor of 7016 and 8.
8
What is the greatest common factor of 9 and 3?
3
Calculate the greatest common factor of 1 and 75.
1
What is the highest common divisor of 7 and 119?
7
Calculate the highest common divisor of 60 and 720.
60
What is the highest common factor of 20 and 1110?
10
What is the highest common factor of 114 and 18?
6
What is the greatest common divisor of 824 and 72?
8
Calculate the highest common divisor of 704 and 1024.
64
Calculate the highest common factor of 52 and 676.
52
What is the greatest common divisor of 14 and 112?
14
What is the greatest common divisor of 11241 and 18?
9
Calculate the greatest common factor of 3029 and 13.
13
Calculate the greatest common factor of 20822 and 116.
58
Calculate the greatest common divisor of 902 and 22.
22
What is the greatest common factor of 884 and 364?
52
Calculate the greatest common divisor of 36 and 666.
18
What is the greatest common factor of 64 and 192?
64
What is the highest common factor of 2546 and 323?
19
What is the highest common factor of 136 and 1054?
34
What is the greatest common divisor of 18619 and 215?
43
What is the highest common divisor of 217 and 124?
31
Calculate the highest common factor of 153 and 9.
9
Calculate the highest common divisor of 113 and 3616.
113
Calculate the highest common factor of 91 and 182.
91
Calculate the greatest common divisor of 70 and 448.
14
Calculate the highest common divisor of 130 and 26.
26
What is the highest common divisor of 19 and 361?
19
What is the greatest common divisor of 493 and 29?
29
What is the highest common divisor of 30 and 58500?
30
What is the greatest common factor of 10 and 68880?
10
Calculate the highest common factor of 174 and 17226.
174
Calculate the greatest common factor of 83 and 14027.
83
Calculate the highest common factor of 99 and 165.
33
Calculate the highest common factor of 58 and 4379.
29
Calculate the highest common factor of 405 and 3.
3
Calculate the highest common factor of 176 and 1168.
16
What is the greatest common divisor of 3936 and 574?
82
Calculate the highest common factor of 5053 and 163.
163
What is the greatest common factor of 44 and 16?
4
What is the greatest common divisor of 22 and 10?
2
What is the greatest common divisor of 72 and 9?
9
Calculate the greatest common divisor of 47 and 1504.
47
Calculate the greatest common factor of 327 and 8611.
109
What is the highest common divisor of 1246 and 28?
14
What is the greatest common divisor of 310 and 280?
10
Calculate the highest common divisor of 10 and 1150.
10
What is the greatest common factor of 59 and 531?
59
Calculate the highest common factor of 118 and 1062.
118
What is the highest common divisor of 107163 and 147?
147
What is the greatest common divisor of 270 and 660?
30
What is the greatest common divisor of 345 and 69?
69
Calculate the highest common divisor of 340 and 25.
5
What is the highest common factor of 486 and 72?
18
Calculate the greatest common divisor of 9 and 45.
9
What is the greatest common factor of 21069 and 9?
9
Calculate the greatest common divisor of 107 and 1391.
107
Calculate the greatest common factor of 396 and 48.
12
What is the greatest common divisor of 104 and 130?
26
What is the greatest common factor of 456 and 54?
6
Calculate the greatest common divisor of 134 and 603.
67
Calculate the greatest common divisor of 345 and 184.
23
Calculate the greatest common factor of 12 and 80.
4
What is the greatest common factor of 162 and 2250?
18
Calculate the highest common divisor of 38 and 2546.
38
Calculate the highest common divisor of 440 and 55.
55
What is the highest common factor of 14214 and 138?
138
What is the greatest common divisor of 66 and 627?
33
Calculate the greatest common factor of 770 and 4928.
154
What is the highest common divisor of 427 and 7?
7
Calculate the highest common divisor of 8230 and 5.
5
What is the highest common divisor of 1148 and 8?
4
Calculate the highest common factor of 12 and 3.
3
What is the greatest common factor of 30730 and 70?
70
Calculate the highest common factor of 14 and 378.
14
What is the highest common factor of 506 and 44?
22
What is the highest common factor of 1261 and 26?
13
Calculate the greatest common divisor of 54 and 15930.
54
What is the highest common factor of 3405 and 908?
227
Calculate the highest common divisor of 1308 and 180.
12
Calculate the highest common factor of 2290 and 330.
10
What is the highest common factor of 183 and 671?
61
What is the highest common factor of 77 and 161?
7
Calculate the greatest common divisor of 15326 and 194.
194
What is the highest common factor of 93 and 775?
31
What is the greatest common factor of 517 and 77?
11
Calculate the highest common divisor of 222 and 25308.
222
What is the greatest common divisor of 76 and 95?
19
What is the greatest common divisor of 94 and 235?
47
Calculate the greatest common factor of 7279 and 29.
29
What is the highest common divisor of 57 and 3819?
57
What is the highest common divisor of 96 and 320?
32
Calculate the highest common factor of 42 and 27706.
14
What is the highest common divisor of 31 and 1271?
31
Calculate the highest common factor of 120 and 15.
15
Calculate the greatest common factor of 744 and 72.
24
What is the highest common factor of 5184 and 192?
192
Calculate the greatest common divisor of 3220 and 196.
28
Calculate the greatest common factor of 119 and 63.
7
What is the highest common factor of 18 and 144?
18
Calculate the greatest common divisor of 31 and 217.
31
Calculate the highest common factor of 90 and 405.
45
Calculate the highest common divisor of 234 and 9594.
234
What is the highest common divisor of 15 and 205?
5
Calculate the highest common divisor of 200 and 824.
8
What is the greatest common divisor of 9 and 6?
3
Calculate the highest common factor of 378 and 594.
54
What is the highest common factor of 150 and 3225?
75
What is the highest common factor of 380 and 360?
20
What is the highest common factor of 526 and 1315?
263
Calculate the highest common divisor of 380 and 20.
20
What is the highest common divisor of 20 and 220?
20
What is the highest common factor of 24486 and 693?
231
What is the greatest common divisor of 6 and 1206?
6
Calculate the highest common factor of 30 and 4590.
30
Calculate the greatest common divisor of 34 and 8636.
34
What is the highest common factor of 16 and 20?
4
What is the highest common factor of 404 and 16?
4
What is the highest common divisor of 392 and 216?
8
What is the highest common factor of 117 and 4875?
39
Calculate the greatest common factor of 192 and 448.
64
What is the greatest common divisor of 1024 and 72?
8
What is the highest common factor of 116 and 348?
116
Calculate the highest common divisor of 10 and 655.
5
What is the highest common divisor of 405 and 60?
15
What is the highest common factor of 8878 and 3281?
193
Calculate the highest common factor of 77